?
4
What is the units digit of 6695049?
9
What is the ten thousands digit of 5494052?
9
What is the tens digit of 636601?
0
What is the units digit of 400187?
7
What is the tens digit of 80290?
9
What is the units digit of 13314095?
5
What is the ten thousands digit of 3344742?
4
What is the tens digit of 74715?
1
What is the ten thousands digit of 156009?
5
What is the hundreds digit of 134951?
9
What is the hundred thousands digit of 1157427?
1
What is the ten millions digit of 14465570?
1
What is the tens digit of 499811?
1
What is the tens digit of 58262?
6
What is the hundreds digit of 102901?
9
What is the thousands digit of 11419080?
9
What is the tens digit of 216818?
1
What is the hundred thousands digit of 286643?
2
What is the tens digit of 119927?
2
What is the tens digit of 4976206?
0
What is the ten thousands digit of 141426?
4
What is the tens digit of 21808008?
0
What is the hundreds digit of 1719695?
6
What is the ten thousands digit of 77846?
7
What is the tens digit of 8034347?
4
What is the hundreds digit of 1315752?
7
What is the thousands digit of 1889082?
9
What is the hundreds digit of 19594221?
2
What is the hundreds digit of 55300?
3
What is the units digit of 2408246?
6
What is the ten thousands digit of 520045?
2
What is the ten millions digit of 11573029?
1
What is the ten thousands digit of 223355?
2
What is the tens digit of 8291887?
8
What is the ten thousands digit of 208126?
0
What is the hundred thousands digit of 197664?
1
What is the millions digit of 13912074?
3
What is the tens digit of 430717?
1
What is the hundred thousands digit of 11087330?
0
What is the hundred thousands digit of 184282?
1
What is the ten thousands digit of 2391300?
9
What is the hundred thousands digit of 585990?
5
What is the tens digit of 52726?
2
What is the thousands digit of 768247?
8
What is the millions digit of 11834846?
1
What is the units digit of 999180?
0
What is the ten thousands digit of 1659605?
5
What is the hundred thousands digit of 11090330?
0
What is the millions digit of 10034168?
0
What is the millions digit of 2373440?
2
What is the hundreds digit of 603126?
1
What is the tens digit of 9076120?
2
What is the tens digit of 3647869?
6
What is the ten thousands digit of 1154924?
5
What is the millions digit of 1974368?
1
What is the hundreds digit of 189133?
1
What is the thousands digit of 28097048?
7
What is the tens digit of 1940778?
7
What is the hundreds digit of 36725?
7
What is the thousands digit of 3477603?
7
What is the tens digit of 4470416?
1
What is the hundreds digit of 3106041?
0
What is the millions digit of 1288379?
1
What is the tens digit of 4325145?
4
What is the hundred thousands digit of 293435?
2
What is the hundred thousands digit of 38187263?
1
What is the hundreds digit of 1387787?
7
What is the hundred thousands digit of 156694?
1
What is the hundred thousands digit of 3017528?
0
What is the tens digit of 14285123?
2
What is the thousands digit of 7730?
7
What is the hundreds digit of 437403?
4
What is the units digit of 168838?
8
What is the hundreds digit of 251473?
4
What is the hundred thousands digit of 1329964?
3
What is the tens digit of 1735496?
9
What is the millions digit of 1893144?
1
What is the ten thousands digit of 318908?
1
What is the units digit of 6488069?
9
What is the hundreds digit of 2539162?
1
What is the ten thousands digit of 42712?
4
What is the millions digit of 2505038?
2
What is the units digit of 723230?
0
What is the hundreds digit of 183789?
7
What is the units digit of 258580?
0
What is the ten thousands digit of 16289838?
8
What is the units digit of 854713?
3
What is the thousands digit of 4776758?
6
What is the thousands digit of 109732?
9
What is the thousands digit of 1465444?
5
What is the millions digit of 2120797?
2
What is the ten thousands digit of 2703047?
0
What is the hundred thousands digit of 335840?
3
What is the hundred thousands digit of 415412?
4
What is the ten thousands digit of 1009445?
0
What is the millions digit of 3067228?
3
What is the units digit of 606995?
5
What is the hundred thousands digit of 528068?
5
What is the hundred thousands digit of 2372525?
3
What is the units digit of 8488762?
2
What is the hundreds digit of 325803?
8
What is the hundred thousands digit of 2101383?
1
What is the units digit of 190190?
0
What is the millions digit of 33915766?
3
What is the tens digit of 568889?
8
What is the ten millions digit of 25777933?
2
What is the tens digit of 133358?
5
What is the thousands digit of 4092419?
2
What is the hundred thousands digit of 524144?
5
What is the ten thousands digit of 1672433?
7
What is the hundred thousands digit of 13483373?
4
What is the tens digit of 7357434?
3
What is the thousands digit of 719597?
9
What is the units digit of 378940?
0
What is the hundred thousands digit of 221482?
2
What is the hundred thousands digit of 997354?
9
What is the hundred thousands digit of 19809935?
8
What is the ten thousands digit of 510713?
1
What is the hundreds digit of 794975?
9
What is the tens digit of 505576?
7
What is the hundred thousands digit of 23413862?
4
What is the hundred thousands digit of 5529816?
5
What is the tens digit of 223687?
8
What is the thousands digit of 577875?
7
What is the units digit of 16487719?
9
What is the units digit of 1148447?
7
What is the millions digit of 2759735?
2
What is the units digit of 27051626?
6
What is the hundreds digit of 2441?
4
What is the hundred thousands digit of 407532?
4
What is the ten thousands digit of 8252789?
5
What is the tens digit of 2051124?
2
What is the units digit of 970577?
7
What is the thousands digit of 6179520?
9
What is the ten thousands digit of 2418896?
1
What is the tens digit of 14853175?
7
What is the tens digit of 316239?
3
What is the ten thousands digit of 13523343?
2
What is the hundreds digit of 12833272?
2
What is the units digit of 41298?
8
What is the tens digit of 196222?
2
What is the thousands digit of 6866171?
6
What is the tens digit of 156828?
2
What is the ten thousands digit of 2412167?
1
What is the units digit of 2130048?
8
What is the tens digit of 6088802?
0
What is the units digit of 24535351?
1
What is the millions digit of 1541441?
1
What is the hundreds digit of 2304968?
9
What is the hundreds digit of 68155?
1
What is the thousands digit of 1112120?
2
What is the units digit of 132826?
6
What is the units digit of 3437693?
3
What is the millions digit of 2500934?
2
What is the ten millions digit of 29158014?
2
What is the units digit of 5270446?
6
What is the units digit of 882514?
4
What is the tens digit of 12378048?
4
What is the thousands digit of 668790?
8
What is the ten thousands digit of 8824961?
2
What is the thousands digit of 813696?
3
What is the hundreds digit of 9636691?
6
What is the tens digit of 1872480?
8
What is the tens digit of 5565172?
7
What is the hundred thousands digit of 1018381?
0
What is the thousands digit of 523528?
3
What is the tens digit of 374838?
3
What is the ten thousands digit of 1095304?
9
What is the units digit of 5231179?
9
What is the hundreds digit of 468707?
7
What is the hundreds digit of 249316?
3
What is the hundred thousands digit of 8817685?
8
What is the tens digit of 2225487?
8
What is the hundred thousands digit of 18765289?
7
What is the tens digit of 5074382?
8
What is the hundreds digit of 2925442?
4
What is the tens digit of 2729446?
4
What is the tens digit of 745336?
3
What is the hundreds digit of 10204374?
3
What is the thousands digit of 3770911?
0
What is the units digit of 501112?
2
What is the hundred thousands digit of 419380?
4
What is the tens digit of 601101?
0
What is the ten thousands digit of 246287?
4
What is the units digit of 32490096?
6
What is the ten thousands digit of 11263822?
6
What is the tens digit of 5381454?
5
What is the hundred thousands digit of 184010?
1
What is the hundred thousands digit of 16963868?
9
What is the units digit of 212486?
6
What is the hundreds digit of 754180?
1
What is the units digit of 1011953?
3
What is the hundred thousands digit of 983288?
9
What is the thousands digit of 1776714?
6
What is the tens digit of 67556?
5
What is the thousands digit of 8432496?
2
What is the ten millions